067 - 884. Is f a composite number?
False
Let z(u) = -11*u**2 + 19 - 30 + 9 + 54*u**2 - 2*u. Suppose -b - 4*b + 15 = 0. Is z(b) a composite number?
False
Let s = 4186 - -6905. Is s composite?
True
Let b be 8 + -8 + -1 + 5. Suppose -4*s = w - 577, -b*s + 5*s = w - 582. Is w composite?
True
Is (4 - (3 - 8921)) + (-2)/(-2) a prime number?
True
Suppose 0 = -16*m + 770535 + 60329. Is m a composite number?
False
Let r = 21687 + -15052. Is r a prime number?
False
Let g(u) = 315*u**2 + 23*u + 123. Is g(-8) composite?
True
Let b(s) = 741*s**2 - 29*s - 3. Is b(8) composite?
False
Let l(f) be the first derivative of -f**4/4 + f**2/2 - 5*f - 3. Let p be l(0). Let k(s) = s**3 + 6*s**2 + 4*s + 6. Is k(p) composite?
False
Let c(w) = 8*w - 14*w - 1 + w**3 + 13 + 9*w - 11*w**2. Is c(13) a prime number?
True
Let g(d) = -3*d + 20. Let j be g(10). Is (-21585)/(-25) + -4*(-1)/j a composite number?
False
Let q be (-3 - (-44)/16) + 6082/8. Suppose 2*s - 5*a - 4353 = 0, 3*a - q = -s + 1422. Is s a prime number?
True
Let n = 124 + -30. Suppose 1185 = 3*b - 0*b. Suppose b = d + n. Is d prime?
False
Let y(k) = -1048*k + 81. Is y(-7) a composite number?
False
Let u(b) = 3*b**3 + 18*b**2 - 13*b - 4. Let y be u(-14). Let a = -1892 - y. Is 5/2*a/15 prime?
True
Let o = -34 + 47. Suppose o*m = 6*m + 3871. Is m a composite number?
True
Suppose d - 23 = -74. Is -3 + d/(-15) + (-3983)/(-5) a composite number?
False
Suppose -z = -2*j - 573, 0*j = 2*z + j - 1121. Is z a composite number?
False
Let f(l) = -4*l**2 + 8*l + 22. Let p be f(15). Is ((-20)/8)/5*p prime?
True
Suppose -d + 4*m = -24, 3*d + 14 = -5*m + 1. Suppose -5*v + 2*r + 551 = 0, -3*r + d*r + 3 = 0. Is v a prime number?
True
Let d = 2884 + -1475. Is d composite?
False
Suppose 4*b + 5*u = 84, 2*u = -b + u + 20. Is 0 + b - -4 - 1 composite?
False
Suppose 3*t - 1 = 14. Suppose -t*i + 3709 + 5171 = 0. Is (-2)/(-3)*i/32 composite?
False
Let u(g) = -g**3 + 10*g**2 + 2*g - 11. Let i be u(10). Let h = i - 6. Suppose h*r - 403 = 152. Is r a prime number?
False
Suppose 3*f - 246 = -3*f. Suppose w - f = 144. Is w a composite number?
True
Let d = -12 - -15. Let o(w) = w**2 + 2*w + 4 + 4*w**d + 0*w**2 - 4*w**2. Is o(3) prime?
False
Suppose -130*w + 127*w + 435603 = -3*q, 2*w + 4*q - 290402 = 0. Is w prime?
False
Suppose -j - h + 315 = 0, 3*j + 4*h = 1007 - 58. Is j composite?
False
Suppose -4*y + 3628 = -2592. Is y composite?
True
Let p = 2806 - -837. Is p a prime number?
True
Suppose 0 = 7*d - 2*d + 495. Let o = 173 + d. Suppose 4*r + 622 = 2*v, -388 = -v + r - o. Is v a composite number?
False
Suppose -1 + 5 = -2*p, -35545 = -3*z - 4*p. Is z a composite number?
True
Let w be (6/(-10))/((-6)/150). Suppose 14 = -l + w. Is l/((-3)/2244*-4) prime?
False
Let q(d) be the third derivative of -29*d**4/6 - d**3/6 + 25*d**2. Is q(-1) prime?
False
Is (0 - 249/(-12))/((-2)/(-40)) prime?
False
Let f(c) be the second derivative of 2*c**3 - c**2/2 - c. Is f(2) a composite number?
False
Is (-10346)/(-3)*9/(-60)*-10 composite?
True
Suppose -6*t = -10*t - 20. Let z(g) = -18*g + 4. Is z(t) composite?
True
Let t(v) be the first derivative of 189*v**4/4 - 2*v**3/3 - v**2/2 - v + 5. Let i be t(-2). Is (-1 - 0)*i/7 a composite number?
True
Let b(n) = -216*n**3 + n**2 - n + 5. Is b(-2) prime?
False
Is -51 + 59854 - (-12)/(-2) composite?
False
Let p = -12 + 11. Let y be 3/p - 35/(-5). Suppose -3*c - c + 192 = y*a, a - 4*c = 73. Is a a prime number?
True
Suppose -29*c - 750 = 21*c. Suppose 4*u - 311 - 57 = 0. Let s = c + u. Is s composite?
True
Let l = 5166 - -1207. Is l composite?
False
Let l = 5979 + -38619. Is 2/6 - l/36 prime?
True
Suppose -3*t - w - w = -43303, t = 4*w + 14439. Is t a prime number?
False
Suppose 12*c - 139573 = 5*c. Is c composite?
True
Suppose -10 - 5 = -5*j. Let i be 4*(j - 104/4). Let m = -55 - i. Is m prime?
True
Suppose v = -5*s + 34, -6 = 4*v - 2. Suppose 0 = s*b - 10*b + 2769. Is b a composite number?
True
Suppose o + 4 = 10. Suppose 3*g = f - 6, o + 2 = f - 5*g. Suppose 3*q = -f*z + 2016, 0*z - 3 = 3*z. Is q a prime number?
True
Suppose -183694 = -3*n + 228995. Is n composite?
True
Let h(k) = k + 5. Let a be h(-3). Suppose 4*y = -5*j - 0*j + 781, 0 = -5*y - a*j + 955. Let c = y - 106. Is c composite?
False
Let v be 44/(-6)*1/((-10)/56655). Suppose 11*m + 3608 = v. Is m prime?
True
Suppose 0*h - h = -4*g + 38663, 5*g - 48315 = 4*h. Is g prime?
False
Let g = 13 + -6. Suppose 0 = g*y + 8*y - 2190. Is y prime?
False
Let c = 12202 - 8094. Suppose -3*b = 5*d - c, -2*d + 3*d - 822 = -b. Is d a composite number?
False
Let c(k) = -k**3 + 6*k**2 - 4*k - 2. Let q be c(5). Suppose 2176 = 2*m + 2*j, m - 1084 = -0*m + q*j. Is m a composite number?
False
Suppose -r - 2*k + 12 = 0, -2*k - k + 24 = 3*r. Is -6 + r - (-500 - -1) prime?
False
Let c = -15 - -17. Is c + 464/1 - 0 composite?
True
Let n = 16014 - 8080. Is n a prime number?
False
Let u(x) be the third derivative of -x**5/60 + x**4/3 - x**3/2 - 3*x**2. Let y be u(7). Suppose 94 = g + g - 3*a, 2*g - y*a = 90. Is g prime?
True
Let g(w) be the second derivative of 33*w**4/2 - w**2/2 + 17*w. Suppose 2*z - 6 = c - 0*z, -4*c - 4*z = 0. Is g(c) composite?
True
Let m(n) = 1075*n**3 - 6*n**2 + n - 4. Let l(j) = 1076*j**3 - 7*j**2 + j - 5. Let t(u) = -4*l(u) + 5*m(u). Let s be t(1). Is s/8 - (-3)/(-4) prime?
False
Let k(z) be the first derivative of z**4/4 - 2*z**3/3 - z**2/2 - 11*z + 4. Let r(f) = -f**2 + 5*f + 6. Let t be r(5). Is k(t) composite?
False
Let l be (-28)/(-126) - 158/(-18). Suppose 0 = 2*o, 3*v - l = -5*o + 27. Suppose -5*f = -5*c + 3*c + 4, 2*c - v = f. Is c composite?
False
Suppose -y + 3*y = 4580. Let s be (y/(-25))/((-2)/10). Suppose -s + 1404 = 2*i. Is i composite?
True
Is (-12)/30 - (3 + (-32712)/30) composite?
False
Suppose -h - 12 = -c, 0*c + h = 2*c - 25. Let t = -11 + c. Is ((-1172)/8)/((-1)/t) a prime number?
True
Let k = 93 - -373. Suppose 3*h - k = 2*h. Is h a composite number?
True
Let c be 15/(-20) + 1/(-4). Let j(n) = n**3 + 7*n**2 - 9*n - 11. Let d be j(-8). Is 45/(d/(-3)) - c a prime number?
False
Let f be (-2 + 1)/(1/1). Let p(v) = -3*v + 3. Let w be p(f). Is 1 + 0 - (-259 + w) a prime number?
False
Suppose 0 = 27*z - 2*z - 13525. Is z composite?
False
Let u be (-3)/(-3) + 2 - 0. Is (-4 + (-167)/u)*-21 a composite number?
True
Let b be (-6696)/(-14) + 4/(-14). Suppose -b = -u - 0*u + 3*i, -4*u + 4*i + 1936 = 0. Is u prime?
True
Let n(f) = f**2 + 30*f - 68. Is n(23) a prime number?
True
Suppose 0 = 2*p + 3*b - 12, -2*p - 2*b = -14 + 2. Let m(o) = 3*o**3 - 7*o**2 - 4*o - 19. Is m(p) a composite number?
False
Let r = 19 - 11. Let k(f) = f**3 - 2*f**2 + 2*f - 11. Is k(r) prime?
True
Is 6 - 4 - -4 - 1970/(-2) a composite number?
False
Suppose 753 = 3*r - 417. Suppose 0 = -5*p + 5*f + 1050, 4*f = -p - p + r. Is p a prime number?
False
Let n(m) = -207*m + 8. Is n(-13) a composite number?
False
Let f = 66147 + -46310. Is f a prime number?
False
Suppose 2*z + 0*z = 0. Suppose z = -0*x - 3*x + 3972. Is (x + 0)*(-1)/(-4) composite?
False
Let m(o) = 27*o**2 + o + 15. Is m(4) a prime number?
False
Suppose 24*r - 143628 = 12*r. Is r a prime number?
True
Let y be 6/15*(-4 - -9). Suppose -y*v + 3489 = v + j, 0 = -5*v + j + 5815. Is v a composite number?
False
Suppose i - 4*g - 7 = 0, 41 = -5*i - 3*g - 16. Suppose 2*q + f = 1, 0 = -5*q - 0*q + f + 13. Let r = q - i. Is r prime?
True
Is 25/(-75) - 168952/(-21) composite?
True
Suppose 10*s - 18949 = 3*s. Is s a prime number?
True
Let g(b) = 9*b**2 - 3*b + 4. Let v be g(-4). Let u(h) = 12*h + 81. Let p be u(14). Let l = p - v. Is l prime?
True
Let f(j) = 5817*j**2 - 2. Let r be f(1). Suppose -5*g = -0*g - r. Is g composite?
False
Let t be (-2)/(-9) + (-113097)/(-27). Suppose -3*f - t = 4847. Let y = f - -4489. Is y a composite number?
True
Suppose -d = -2*u - 1935, u - 7822 - 1864 = -5*d. Is d composite?
True
Suppose -5*g = d - 8, 2*d + 4*g - 8 = 2*g. Suppose 183 + 48 = d*j. Is 1/(-2)*(-1 - j) prime?
False
Let p be 0 + (-3 + 3)/(-1). Suppose -6*l + 0*l + 258 = p. Is l prime?
True
Suppose 5*f - 5905 = -4*s, 0 = 5*s + f - 9424 + 2027. Let b = s - 993. Is b prime?
True
Is (120/(-48))/((-10)/10012) a composite number?
False
Suppose -13*h = -15*h + 5002. Suppose 14*s + h - 15297 = 0. Is s prime?
False
Let o = -84 + 87. Is 879/(-2)